l + -18. What is the tens digit of m?
1
Suppose -2*z - 9 = -3*g, 3*z = 6*g - g - 16. Let b(w) = -4*w + 1 + 3*w - z. What is the units digit of b(-3)?
1
Let w = -5 + 5. Suppose w = 2*h - 14 + 4. What is the units digit of h?
5
Let c = 36 - 30. What is the units digit of c?
6
Suppose 3 = v + 2*w, 3*v - 3*w = 7*v - 12. Suppose -l + 2*f + 36 = v*l, -l + 3*f = -9. What is the units digit of l?
9
Let g(s) = 4*s - 5. Suppose 3*j + 4 = 4*n - 3, 3*n + 4*j - 24 = 0. What is the units digit of g(n)?
1
Suppose 3*i - 2*k = 4, 3*k + 9 + 2 = 2*i. Let p = i - -2. Suppose -w + 0 + 10 = p. What is the tens digit of w?
1
Suppose 2 + 2 = -2*d, 3*n = 3*d + 54. What is the units digit of (-1 + n)*2/6?
5
Suppose 5 = -x, -2*x - 10 = -d + 3. Suppose -5*k + d*k - v = -17, v = 2*k - 23. What is the units digit of k?
0
Let d = 62 + -28. What is the units digit of d?
4
Let o be (-4)/(-14) - 334/(-7). Suppose -4*x + d = -o, 8*x - 4*x = -4*d + 28. What is the units digit of x?
1
What is the tens digit of 1186/14 + 42/147?
8
Let a = 76 + 47. What is the units digit of a?
3
Let k(q) = q**3 + 5*q**2 - 7*q + 10. Let r be k(-7). What is the units digit of (-254)/(-10) - r/65?
6
Let i(g) = -3*g - 2. Let z be i(-2). Suppose -z*a = -0*a. Suppose y + u = -2*y + 5, a = -y - 5*u - 17. What is the units digit of y?
3
Let k be 12/(3/(2 + 1)). Let j = k + -5. Let i = -3 + j. What is the units digit of i?
4
Suppose -2*w + 0*a + 523 = 3*a, w - a - 274 = 0. What is the units digit of w?
9
Let t(c) = -2*c - 5. Let p be t(-9). Suppose -2*v + 0*v + 3*w - p = 0, 3*v + 20 = 4*w. Let y = -2 - v. What is the units digit of y?
6
Let n be -3 + (-1 - -2) + 6. Suppose n*j - 14 = 10. What is the units digit of j?
6
Let f = 615 + -398. What is the units digit of f?
7
Let q be (-5)/(-2*1/4). Let h(l) = l**3 - 11*l**2 + 13*l - 9. Let c be h(q). Suppose -9 - c = -2*p. What is the units digit of p?
5
Let b = 23 - 14. Let w = -6 + b. What is the units digit of 10/2*(w + -2)?
5
Let c(b) = b**3 - 2*b**2 + 4*b + 3. What is the units digit of c(4)?
1
Let d(s) = -s**3 + 7*s**2 + s. Let x(o) = o**2 + 7*o + 7. Let t be x(-7). What is the units digit of d(t)?
7
Let d(c) = c**3 + 9*c**2 + 9*c + 13. What is the tens digit of d(-7)?
4
Let o(i) = i**2 + i - 2. Let y be o(-2). Suppose 3 = r - y. Suppose 2*u - 8 = -4*z, -r*z = 3*u - 4 - 8. What is the units digit of u?
4
Let v(x) = -3*x**2 - 2 + 2*x**2 + 0*x**3 - x**3 - 4*x + x. Let k be v(-2). Suppose 5*t + 1 = -4*r, -3*t = -5*r - 0*t + k. What is the units digit of r?
1
Suppose 3*n - 24 = 33. What is the tens digit of n?
1
Let m be ((-2)/(-6))/((-1)/(-3)). Suppose m = -3*v - 167. Let d = -39 - v. What is the units digit of d?
7
Let z(d) = d**2 - 4*d. What is the units digit of z(7)?
1
Suppose 69 = 4*o - 23. Suppose -4*h - 3*c - 102 = -8*h, -o = -h + 2*c. What is the units digit of h?
7
Suppose 6 = u - 0*u. Suppose -2*x + 29 = -5*g, -2*x - u = 2*g - 0. Suppose 7 + 5 = x*i. What is the units digit of i?
6
Suppose 0 = 4*i + 2*g - 118, 33 = i - 4*g + g. Suppose -5*c + 75 = u, -c + 3*c = -4*u + i. What is the units digit of c?
5
Let s be 3*((-26)/(-6) + -1). Suppose 2*w - 35 = 5*u, -3*w + 1 = 4*u + 6. Let g = u + s. What is the units digit of g?
5
Suppose -f - 480 = -4*f. Suppose f = -2*b + 6*b. Let v = b - 28. What is the units digit of v?
2
Let m = 2 + 0. Suppose 0 = -g - 3*z + 1, 4 = -0*g - g + m*z. What is the units digit of g/(-4) + (-52)/(-8)?
7
Suppose -4*s + 5*i - 28 = 0, 4*s - 4*i + 15 + 9 = 0. Let o = 0 - s. What is the tens digit of 34/6*(o + 1)?
1
Let a = 17 - 5. Let o = a - 6. What is the units digit of o?
6
Suppose 0 - 16 = -4*o. Suppose -10 = 5*a, 0*g + g - 9 = o*a. What is the units digit of g?
1
Suppose -394 = 136*w - 138*w. What is the units digit of w?
7
What is the tens digit of (3/9)/(-4 - 11379/(-2844))?
1
Let d = 334 + -200. What is the tens digit of d?
3
Let h(d) be the second derivative of d**6/180 - d**5/30 - d**4/8 - d**3/2 + d. Let w(m) be the second derivative of h(m). What is the tens digit of w(-2)?
1
What is the units digit of 86 + (-1 + 0)/((-1)/(-2))?
4
Let w = -141 - -209. Let m = -47 + w. What is the tens digit of m?
2
Suppose -3*h + 536 = h + 4*f, -2*f = h - 136. What is the tens digit of h?
3
Let p(i) = -i**2 - 7*i - 4. Let a be p(-6). Let k = -31 - -51. Suppose -6*z + a*z = -k. What is the units digit of z?
5
Let o = 23 + -38. Let y be o/(-2) - (-5)/10. Suppose 2*g - z = 4*g - y, g + 2*z = 4. What is the units digit of g?
4
Suppose -3 = -4*h + 5. Suppose 0 = t, 4*m + t + h*t = 12. Suppose -q + 56 = m*q. What is the tens digit of q?
1
Suppose -5*n - 14 = -4*q, -q - 2*q + n = -16. Let p be (6/(-3))/(2/(-13)). Let m = p - q. What is the units digit of m?
7
What is the tens digit of (-10)/((-7)/3 + 2)?
3
Let y(h) = -h. Let p(j) = -j**3 + 6*j**2 + 3*j + 9. Let l(g) = -p(g) - 6*y(g). What is the units digit of l(6)?
9
Let m(t) = t**3 - 9*t**2 - 11*t + 13. Let l be m(10). Suppose -l*k + 3*h + 39 = 0, k = 3*h - 5*h + 16. What is the tens digit of k?
1
Suppose 2*f + 25 = -3*u + 68, -2*u = -3*f + 71. What is the tens digit of f?
2
Suppose -15 = 3*m, 2*m = -2*x - 14 - 32. Let u = x - -40. What is the units digit of u?
2
Let x be (-3)/((63/6)/(-7)). Suppose 3*v = -0*v - 6, -116 = -x*p + 4*v. What is the units digit of p?
4
Let m be -3 - -2 - -1 - -5. Let u = 18 - m. What is the tens digit of u?
1
Let u(y) = -10*y + 7. What is the tens digit of u(-4)?
4
Suppose -g - 9 = -5*r + 4, 0 = 5*g + r - 13. What is the units digit of g?
2
Let r = -5 - -9. Let x be ((-2)/r)/((-2)/4). What is the units digit of ((-3)/(-6) - x)*-2?
1
Let a be ((-15)/(-12))/(2/120). Suppose a = 5*u - 9*b + 4*b, -37 = -2*u - 5*b. What is the tens digit of u?
1
Suppose -o - 4*g = 2*o - 9, 5*o + 4*g - 15 = 0. Suppose j + k = o*k + 1, -52 = -4*j - 4*k. What is the units digit of j?
9
Let i(n) = n**3 + n**2 - n - 2. Let u be i(2). What is the units digit of (u/5)/4*15?
6
Suppose -10*n = -11*n + 115. What is the units digit of n?
5
Let j(v) = -v - 2. Let o(z) = -z - 16. Let q be o(-7). What is the units digit of j(q)?
7
Let t = 22 + 30. What is the units digit of t?
2
Let b = 60 + 1. What is the units digit of b?
1
Suppose -5*x - 28 = -3*u + 21, u - 17 = x. What is the tens digit of u?
1
Suppose 2*r - 3*p - 20 = 0, -p + 10 = r - 3*p. Suppose -r = 2*z - 80. Suppose -5*b + z = 5*h, -2*h - 2*h = 3*b - 26. What is the units digit of b?
2
What is the units digit of 632/14 - 6 - (-1)/(-7)?
9
Suppose 3*t = 30 + 6. What is the units digit of t?
2
Let s(c) = c + 5. Suppose -j + 2*f = 14, f = 4*j - 0*f + 21. Let w be s(j). Let u(r) = 4*r**2 - 2*r + 1. What is the units digit of u(w)?
3
Let v(o) = -o**3 + 9*o**2 + 11*o + 10. Let a be v(10). What is the tens digit of a/(-70) + 550/14?
3
Suppose 13*h - 584 = 9*h. What is the tens digit of h?
4
Suppose 130*i = 129*i + 326. What is the tens digit of i?
2
Let t = 6 - 5. Let b = t + 0. What is the units digit of b?
1
What is the units digit of ((-11)/(-33))/(1/12)?
4
Let z = -5 - -8. Suppose -r + 2*v = 5*v + 3, z*r - 15 = 3*v. Suppose -g = 5*l - 1, r*g - 3 = -l - 0. What is the units digit of g?
1
Suppose 2*h - 4*b = -68 + 198, -b + 369 = 5*h. What is the tens digit of h?
7
Suppose 4*h = 3*p - 142, 258 = 5*p - h + 5*h. What is the tens digit of p?
5
Let l = 10 + -5. Suppose l*k - k = 16. What is the units digit of k?
4
Suppose -5*n - 3*s + 1776 = 0, 4*n + n - 4*s - 1762 = 0. Suppose 0 = 5*v - n + 139. What is the tens digit of v?
4
Suppose p - 3*g + 4*g = 4, 9 = -3*g. Let m be (-9 + p)/((-2)/4). Suppose z - m = -0*z. What is the units digit of z?
4
Suppose 3*z - 137 = 5*n - 4*n, 86 = 2*z + 2*n. Suppose 2*d - 5*d = -z. What is the units digit of d?
5
Suppose 7*d = 3*d + 2*f + 26, -3*d - 5*f - 13 = 0. Suppose 0 = d*q - 2*p + 4*p - 44, 4*p - 8 = 0. What is the tens digit of q?
1
Let r be (2 + (-10)/4)*-16. Let a(s) = s**3 - 3*s**2 - 4*s + 1. Let h be a(4). Let j = r - h. What is the units digit of j?
7
Suppose -t = -5*t + 12. Let g(o) = 13*o - 3. What is the units digit of g(t)?
6
Let u(j) = j**3 + 2*j**2 - 2*j + 4. Let t be 0/(1 + (-1 - 1)). Suppose 2*n - 2*l + 12 = t, 2*n - 12 = n - 5*l. What is the units digit of u(n)?
1
Let z(n) = 17*n - 13. What is the hundreds digit of z(9)?
1
Suppose -4*u + 8 + 16 = 0. Suppose 9 + u = 5*b. What is the units di